0064635?
6
What is the millions digit of 1607577189?
7
What is the millions digit of 492585951?
2
What is the thousands digit of 22569784?
9
What is the hundred millions digit of 146040978?
1
What is the billions digit of 4831089614?
4
What is the tens digit of 381593518?
1
What is the millions digit of 832520482?
2
What is the thousands digit of 274846418?
6
What is the hundred millions digit of 1586122517?
5
What is the hundred thousands digit of 12151908?
1
What is the thousands digit of 2464579444?
9
What is the hundreds digit of 151806451?
4
What is the ten millions digit of 1785194720?
8
What is the hundreds digit of 402452939?
9
What is the units digit of 152812681?
1
What is the hundred thousands digit of 77747543?
7
What is the ten thousands digit of 1138569952?
6
What is the hundred thousands digit of 1178354429?
3
What is the millions digit of 309086256?
9
What is the ten thousands digit of 139247752?
4
What is the tens digit of 1858947?
4
What is the hundreds digit of 11783022?
0
What is the thousands digit of 96616733?
6
What is the tens digit of 213309745?
4
What is the thousands digit of 387495159?
5
What is the thousands digit of 208322299?
2
What is the ten thousands digit of 1660794414?
9
What is the thousands digit of 542676774?
6
What is the thousands digit of 2488626527?
6
What is the hundred millions digit of 300174131?
3
What is the ten thousands digit of 310159250?
5
What is the units digit of 3379294295?
5
What is the hundred thousands digit of 85183653?
1
What is the hundred millions digit of 115618452?
1
What is the hundred thousands digit of 117111814?
1
What is the units digit of 195497809?
9
What is the hundred thousands digit of 806003532?
0
What is the ten millions digit of 104304290?
0
What is the hundred thousands digit of 1186837203?
8
What is the hundred millions digit of 1808775963?
8
What is the ten millions digit of 142209387?
4
What is the ten millions digit of 135661031?
3
What is the tens digit of 446654477?
7
What is the hundreds digit of 2812409034?
0
What is the units digit of 58377846?
6
What is the millions digit of 5372798490?
2
What is the ten millions digit of 772584360?
7
What is the tens digit of 3120029446?
4
What is the units digit of 1035026046?
6
What is the tens digit of 5437541582?
8
What is the ten millions digit of 101642009?
0
What is the tens digit of 913406254?
5
What is the hundreds digit of 1892915419?
4
What is the hundreds digit of 3380484885?
8
What is the ten thousands digit of 22595731?
9
What is the billions digit of 4350133798?
4
What is the thousands digit of 529631486?
1
What is the hundred thousands digit of 826644988?
6
What is the hundreds digit of 47408004?
0
What is the tens digit of 3099773033?
3
What is the tens digit of 136428861?
6
What is the ten thousands digit of 69607895?
0
What is the ten thousands digit of 554987571?
8
What is the ten millions digit of 2720040987?
2
What is the units digit of 2619850750?
0
What is the hundred millions digit of 229977289?
2
What is the units digit of 390696953?
3
What is the millions digit of 1324158858?
4
What is the millions digit of 3267401?
3
What is the ten thousands digit of 610094993?
9
What is the hundred thousands digit of 5170713?
1
What is the units digit of 53806131?
1
What is the hundred millions digit of 1302765377?
3
What is the units digit of 96145218?
8
What is the ten millions digit of 509984205?
0
What is the tens digit of 90160169?
6
What is the hundreds digit of 478007970?
9
What is the hundred thousands digit of 252820269?
8
What is the hundred thousands digit of 852124974?
1
What is the hundred thousands digit of 721426264?
4
What is the tens digit of 19568993?
9
What is the units digit of 316169488?
8
What is the hundred thousands digit of 21666079?
6
What is the thousands digit of 1676571995?
1
What is the hundred thousands digit of 2589226800?
2
What is the tens digit of 40518468?
6
What is the units digit of 4206182588?
8
What is the hundred thousands digit of 42394133?
3
What is the ten millions digit of 238858155?
3
What is the hundreds digit of 120699191?
1
What is the tens digit of 1795873584?
8
What is the ten thousands digit of 162298095?
9
What is the hundred millions digit of 1216611765?
2
What is the thousands digit of 22539647?
9
What is the ten millions digit of 166258325?
6
What is the hundred thousands digit of 38678143?
6
What is the millions digit of 832587607?
2
What is the units digit of 806866156?
6
What is the hundred millions digit of 379868706?
3
What is the ten thousands digit of 5190779?
9
What is the hundred thousands digit of 6982961619?
9
What is the units digit of 1203083127?
7
What is the hundred millions digit of 657942680?
6
What is the hundreds digit of 173017936?
9
What is the hundreds digit of 4528150290?
2
What is the thousands digit of 175187057?
7
What is the hundreds digit of 252362170?
1
What is the ten millions digit of 2970279711?
7
What is the tens digit of 487725279?
7
What is the units digit of 155665607?
7
What is the hundred millions digit of 343402859?
3
What is the millions digit of 4589333?
4
What is the billions digit of 2318027187?
2
What is the thousands digit of 4076301?
6
What is the tens digit of 6765000969?
6
What is the hundred thousands digit of 3486575892?
5
What is the billions digit of 4357925618?
4
What is the ten thousands digit of 1301285978?
8
What is the hundred millions digit of 145582674?
1
What is the thousands digit of 59593551?
3
What is the millions digit of 2894604754?
4
What is the ten thousands digit of 249040034?
4
What is the hundred thousands digit of 219720888?
7
What is the hundred thousands digit of 3411836821?
8
What is the units digit of 3224489374?
4
What is the tens digit of 126648868?
6
What is the billions digit of 1151511614?
1
What is the hundred thousands digit of 894170200?
1
What is the ten thousands digit of 54337844?
3
What is the ten thousands digit of 168009671?
0
What is the ten thousands digit of 64658336?
5
What is the ten thousands digit of 3337921919?
2
What is the ten millions digit of 93901001?
9
What is the thousands digit of 713143977?
3
What is the tens digit of 2870912396?
9
What is the tens digit of 371741360?
6
What is the tens digit of 22160822?
2
What is the millions digit of 659693484?
9
What is the thousands digit of 38364071?
4
What is the units digit of 2272507082?
2
What is the millions digit of 98922692?
8
What is the hundred millions digit of 837544914?
8
What is the thousands digit of 282807578?
7
What is the hundred thousands digit of 143453376?
4
What is the thousands digit of 7464944?
4
What is the ten thousands digit of 2379513345?
1
What is the units digit of 65302253?
3
What is the hundreds digit of 2576582594?
5
What is the hundred millions digit of 104900136?
1
What is the hundred thousands digit of 2917703653?
7
What is the units digit of 497705207?
7
What is the units digit of 2504389620?
0
What is the hundreds digit of 53244869?
8
What is the billions digit of 5383820598?
5
What is the thousands digit of 23878363?
8
What is the hundreds digit of 28668706?
7
What is the hundred millions digit of 1448237642?
4
What is the hundreds digit of 220708725?
7
What is the thousands digit of 31067770?
7
What is the thousands digit of 1818864718?
4
What is the millions digit of 6873318751?
3
What is the hundreds digit of 66968044?
0
What is the billions digit of 4861304794?
4
What is the hundred millions digit of 746889516?
7
What is the millions digit of 276824280?
6
What is the millions digit of 43115709?
3
What is the thousands digit of 167287521?
7
What is the hundred thousands digit of 26037337?
0
What is the millions digit of 914816008?
4
What is the hundred millions digit of 1139021436?
1
What is the hundreds digit of 4016276735?
7
What is the hundred millions digit of 1832145532?
8
What is the hundreds digit of 137892052?
0
What is the thousands digit of 264736271?
6
What is the hundred thousands digit of 1346535133?
5
What is the units digit of 1302916471?
1
What is the hundred thousands digit of 232935464?
9
What is the millions digit of 486815854?
6
What is the hundred thousands digit of 145808356?
8
What is the hundreds digit of 372922737?
7
What is the units digit 